re the prime factors of 23927?
71, 337
List the prime factors of 589.
19, 31
What are the prime factors of 2361?
3, 787
List the prime factors of 90272.
2, 7, 13, 31
What are the prime factors of 22288?
2, 7, 199
What are the prime factors of 294?
2, 3, 7
List the prime factors of 2444.
2, 13, 47
What are the prime factors of 1959?
3, 653
What are the prime factors of 30445?
5, 6089
List the prime factors of 8210.
2, 5, 821
What are the prime factors of 4805?
5, 31
What are the prime factors of 628?
2, 157
List the prime factors of 2218.
2, 1109
What are the prime factors of 111511?
19, 5869
List the prime factors of 19931.
19, 1049
List the prime factors of 813.
3, 271
What are the prime factors of 2442?
2, 3, 11, 37
List the prime factors of 707.
7, 101
List the prime factors of 5349.
3, 1783
List the prime factors of 3364.
2, 29
List the prime factors of 30423.
3, 10141
List the prime factors of 528.
2, 3, 11
What are the prime factors of 86?
2, 43
List the prime factors of 15138.
2, 3, 29
List the prime factors of 1397.
11, 127
List the prime factors of 39071.
89, 439
List the prime factors of 121630.
2, 5, 12163
List the prime factors of 8642.
2, 29, 149
What are the prime factors of 14910?
2, 3, 5, 7, 71
List the prime factors of 38231.
38231
List the prime factors of 45599.
45599
What are the prime factors of 29561?
7, 41, 103
List the prime factors of 1634.
2, 19, 43
List the prime factors of 53028.
2, 3, 491
List the prime factors of 15850.
2, 5, 317
What are the prime factors of 30411?
3, 31, 109
List the prime factors of 669.
3, 223
What are the prime factors of 2036?
2, 509
What are the prime factors of 3928?
2, 491
What are the prime factors of 1511?
1511
List the prime factors of 3401.
19, 179
List the prime factors of 3230.
2, 5, 17, 19
What are the prime factors of 26766?
2, 3, 1487
What are the prime factors of 1239?
3, 7, 59
What are the prime factors of 2043?
3, 227
List the prime factors of 1583.
1583
What are the prime factors of 13197?
3, 53, 83
List the prime factors of 1168.
2, 73
List the prime factors of 988.
2, 13, 19
What are the prime factors of 27446?
2, 13723
What are the prime factors of 16047?
3, 1783
List the prime factors of 1570.
2, 5, 157
What are the prime factors of 23299?
23, 1013
What are the prime factors of 442?
2, 13, 17
What are the prime factors of 2818?
2, 1409
What are the prime factors of 22579?
67, 337
List the prime factors of 43162.
2, 7, 3083
List the prime factors of 1331.
11
What are the prime factors of 16819?
11, 139
List the prime factors of 1256.
2, 157
What are the prime factors of 2422?
2, 7, 173
List the prime factors of 39293.
39293
What are the prime factors of 43166?
2, 113, 191
List the prime factors of 10513.
10513
List the prime factors of 122385.
3, 5, 41, 199
What are the prime factors of 76420?
2, 5, 3821
What are the prime factors of 1043?
7, 149
What are the prime factors of 29?
29
What are the prime factors of 2232?
2, 3, 31
What are the prime factors of 49420?
2, 5, 7, 353
List the prime factors of 36919.
36919
List the prime factors of 53644.
2, 13411
List the prime factors of 12328.
2, 23, 67
List the prime factors of 82769.
37, 2237
List the prime factors of 21799.
21799
List the prime factors of 411.
3, 137
What are the prime factors of 23265?
3, 5, 11, 47
List the prime factors of 2086.
2, 7, 149
What are the prime factors of 77549?
77549
What are the prime factors of 1021?
1021
What are the prime factors of 1026?
2, 3, 19
What are the prime factors of 63158?
2, 23, 1373
List the prime factors of 19181.
19181
What are the prime factors of 958?
2, 479
List the prime factors of 4672.
2, 73
List the prime factors of 20781.
3, 2309
List the prime factors of 60130.
2, 5, 7, 859
What are the prime factors of 5554?
2, 2777
List the prime factors of 9214.
2, 17, 271
What are the prime factors of 42?
2, 3, 7
List the prime factors of 3085.
5, 617
What are the prime factors of 4999?
4999
What are the prime factors of 33843?
3, 29, 389
What are the prime factors of 4313?
19, 227
List the prime factors of 78648.
2, 3, 29, 113
What are the prime factors of 3104?
2, 97
List the prime factors of 3267.
3, 11
List the prime factors of 546.
2, 3, 7, 13
List the prime factors of 2771.
17, 163
What are the prime factors of 67765?
5, 13553
List the prime factors of 7543.
19, 397
What are the prime factors of 5069?
37, 137
List the prime factors of 4385.
5, 877
What are the prime factors of 2739?
3, 11, 83
List the prime factors of 19799.
13, 1523
List the prime factors of 1207.
17, 71
List the prime factors of 1088.
2, 17
What are the prime factors of 438?
2, 3, 73
What are the prime factors of 4433?
11, 13, 31
What are the prime factors of 21724?
2, 5431
What are the prime factors of 68279?
68279
What are the prime factors of 114?
2, 3, 19
List the prime factors of 38359.
89, 431
List the prime factors of 22507.
71, 317
List the prime factors of 15236.
2, 13, 293
List the prime factors of 2839.
17, 167
What are the prime factors of 10091?
10091
List the prime factors of 20094.
2, 3, 17, 197
What are the prime factors of 44867?
44867
List the prime factors of 4517.
4517
What are the prime factors of 2082?
2, 3, 347
List the prime factors of 3042.
2, 3, 13
What are the prime factors of 72?
2, 3
What are the prime factors of 7571?
67, 113
What are the prime factors of 40581?
3, 167
What are the prime factors of 33922?
2, 7, 2423
List the prime factors of 31967.
13, 2459
List the prime factors of 5237.
5237
What are the prime factors of 727?
727
What are the prime factors of 2074?
2, 17, 61
List the prime factors of 46459.
7, 6637
What are the prime factors of 5247?
3, 11, 53
List the prime factors of 14457.
3, 61, 79
What are the prime factors of 42330?
2, 3, 5, 17, 83
List the prime factors of 20279.
7, 2897
List the prime factors of 22181.
41, 541
List the prime factors of 702.
2, 3, 13
List the prime factors of 137.
137
List the prime factors of 3054.
2, 3, 509
What are the prime factors of 2129?
2129
What are the prime factors of 1010?
2, 5, 101
List the prime factors of 535.
5, 107
List the prime factors of 155153.
155153
List the prime factors of 566.
2, 283
What are the prime factors of 2224?
2, 139
List the prime factors of 449.
449
List the prime factors of 493.
17, 29
What are the prime factors of 3218?
2, 1609
List the prime factors of 39091.
13, 31, 97
What are the prime factors of 2558?
2, 1279
List the prime factors of 214.
2, 107
List the prime factors of 4230.
2, 3, 5, 47
What are the prime factors of 577?
577
What are the prime factors of 15807?
3, 11, 479
What are the prime factors of 6273?
3, 17, 41
What are the prime factors of 109083?
3, 13, 2797
List the prime factors of 16553.
16553
What are the prime factors of 2548?
2, 7, 13
List the prime factors of 693.
3, 7, 11
List the prime factors of 10925.
5, 19, 23
What are the prime factors of 53946?
2, 3, 37
List the prime factors of 2344.
2, 293
What are the prime factors of 155?
5, 31
What are the prime factors of 11716?
2, 29, 101
What are the prime factors of 17470?
2, 5, 1747
What are the prime factors of 282?
2, 3, 47
What are the prime factors of 3949?
11, 359
List the prime factors of 74039.
7, 1511
List the prime factors of 90321.
3, 7, 11, 17, 23
What are the prime factors of 7695?
3, 5, 19
What are the prime factors of 958?
2, 479
What are the prime factors of 21213?
3, 2357
List the prime factors of 11938.
2, 47, 127
List the prime factors of 1459.
1459
What are the prime factors of 72936?
2, 3, 1013
List the prime factors of 967.
967
List the prime factors of 34489.
7, 13, 379
List the prime factors of 696.
2, 3, 29
List the prime factors of 3749.
23, 163
What are the prime factors of 9443?
7, 19, 71
List the prime factors of 4295.
5, 859
List the prime factors of 3007.
31, 97
What are the prime factors of 3972?
2, 3, 331
What are the prime factors of 4096?
2
List the prime factors of 2782.
2, 13, 107
List the prime factors of 21845.
5, 17, 257
List the prime factors of 310.
2, 5, 31
List the prime factors of 79353.
3, 2939
List the prime factors of 4612.
2, 1153
List the prime factors of 14563.
14563
List the prime factors of 1283.
1283
What are the prime factors of 2702?
2, 7, 193
List the prime fact